1
List the prime factors of 5935.
5, 1187
List the prime factors of 6824.
2, 853
What are the prime factors of 271?
271
List the prime factors of 7540.
2, 5, 13, 29
What are the prime factors of 1072?
2, 67
What are the prime factors of 23313?
3, 19, 409
What are the prime factors of 68?
2, 17
List the prime factors of 57697.
57697
What are the prime factors of 279?
3, 31
List the prime factors of 6758.
2, 31, 109
List the prime factors of 27059.
27059
List the prime factors of 4397.
4397
List the prime factors of 11746.
2, 7, 839
What are the prime factors of 7936?
2, 31
List the prime factors of 40325.
5, 1613
List the prime factors of 18531.
3, 29, 71
What are the prime factors of 3178?
2, 7, 227
List the prime factors of 47953.
79, 607
List the prime factors of 3040.
2, 5, 19
List the prime factors of 11939.
11939
What are the prime factors of 32532?
2, 3, 2711
What are the prime factors of 64539?
3, 71, 101
What are the prime factors of 2277?
3, 11, 23
What are the prime factors of 32502?
2, 3, 5417
List the prime factors of 695.
5, 139
List the prime factors of 3471.
3, 13, 89
What are the prime factors of 8523?
3, 947
List the prime factors of 2626.
2, 13, 101
List the prime factors of 19315.
5, 3863
List the prime factors of 67.
67
List the prime factors of 448.
2, 7
List the prime factors of 16338.
2, 3, 7, 389
What are the prime factors of 57922?
2, 28961
List the prime factors of 969.
3, 17, 19
What are the prime factors of 47564?
2, 11, 23, 47
List the prime factors of 80627.
80627
List the prime factors of 10541.
83, 127
List the prime factors of 4329.
3, 13, 37
What are the prime factors of 336?
2, 3, 7
List the prime factors of 48954.
2, 3, 41, 199
List the prime factors of 63844.
2, 11, 1451
List the prime factors of 5112.
2, 3, 71
What are the prime factors of 46081?
7, 29, 227
List the prime factors of 235.
5, 47
List the prime factors of 797.
797
What are the prime factors of 4941?
3, 61
List the prime factors of 42497.
7, 13, 467
List the prime factors of 7120.
2, 5, 89
What are the prime factors of 996?
2, 3, 83
List the prime factors of 54766.
2, 139, 197
What are the prime factors of 17283?
3, 7, 823
List the prime factors of 3025.
5, 11
List the prime factors of 1594.
2, 797
What are the prime factors of 9668?
2, 2417
What are the prime factors of 765?
3, 5, 17
What are the prime factors of 3498?
2, 3, 11, 53
List the prime factors of 1391.
13, 107
What are the prime factors of 1818?
2, 3, 101
What are the prime factors of 65101?
65101
What are the prime factors of 10521?
3, 7, 167
List the prime factors of 485.
5, 97
What are the prime factors of 1568?
2, 7
What are the prime factors of 1180?
2, 5, 59
What are the prime factors of 1655?
5, 331
List the prime factors of 1250.
2, 5
List the prime factors of 10642.
2, 17, 313
What are the prime factors of 680?
2, 5, 17
What are the prime factors of 2702?
2, 7, 193
What are the prime factors of 63577?
63577
What are the prime factors of 37611?
3, 7, 199
What are the prime factors of 23094?
2, 3, 1283
What are the prime factors of 3336?
2, 3, 139
List the prime factors of 13204.
2, 3301
What are the prime factors of 2402?
2, 1201
What are the prime factors of 6293?
7, 29, 31
List the prime factors of 22.
2, 11
List the prime factors of 40694.
2, 20347
List the prime factors of 68606.
2, 34303
List the prime factors of 20950.
2, 5, 419
List the prime factors of 28851.
3, 59, 163
List the prime factors of 806.
2, 13, 31
List the prime factors of 66107.
66107
What are the prime factors of 42333?
3, 103, 137
List the prime factors of 41791.
23, 79
What are the prime factors of 13892?
2, 23, 151
What are the prime factors of 820?
2, 5, 41
List the prime factors of 31280.
2, 5, 17, 23
What are the prime factors of 102762?
2, 3, 11, 173
List the prime factors of 1157.
13, 89
What are the prime factors of 14180?
2, 5, 709
What are the prime factors of 116670?
2, 3, 5, 3889
List the prime factors of 5808.
2, 3, 11
List the prime factors of 2610.
2, 3, 5, 29
List the prime factors of 40014.
2, 3, 13, 19
List the prime factors of 736.
2, 23
List the prime factors of 167.
167
What are the prime factors of 1359?
3, 151
What are the prime factors of 4439?
23, 193
List the prime factors of 62168.
2, 19, 409
List the prime factors of 1043.
7, 149
List the prime factors of 1144.
2, 11, 13
List the prime factors of 323.
17, 19
What are the prime factors of 69235?
5, 61, 227
List the prime factors of 16532.
2, 4133
What are the prime factors of 528?
2, 3, 11
List the prime factors of 10816.
2, 13
List the prime factors of 382.
2, 191
List the prime factors of 10532.
2, 2633
List the prime factors of 14338.
2, 67, 107
List the prime factors of 541.
541
What are the prime factors of 3400?
2, 5, 17
List the prime factors of 2974.
2, 1487
What are the prime factors of 5359?
23, 233
What are the prime factors of 9431?
9431
What are the prime factors of 96490?
2, 5, 9649
List the prime factors of 21499.
21499
What are the prime factors of 78433?
41, 1913
What are the prime factors of 1484?
2, 7, 53
What are the prime factors of 247?
13, 19
List the prime factors of 37649.
37649
What are the prime factors of 8759?
19, 461
What are the prime factors of 49?
7
List the prime factors of 121214.
2, 60607
List the prime factors of 2944.
2, 23
What are the prime factors of 15437?
43, 359
What are the prime factors of 3142?
2, 1571
List the prime factors of 166.
2, 83
What are the prime factors of 7932?
2, 3, 661
List the prime factors of 37122.
2, 3, 23, 269
List the prime factors of 8639.
53, 163
What are the prime factors of 965?
5, 193
List the prime factors of 528.
2, 3, 11
What are the prime factors of 27272?
2, 7, 487
What are the prime factors of 7213?
7213
List the prime factors of 747.
3, 83
What are the prime factors of 92673?
3, 7, 1471
List the prime factors of 13357.
19, 37
List the prime factors of 5913.
3, 73
List the prime factors of 1624.
2, 7, 29
List the prime factors of 919.
919
What are the prime factors of 26969?
149, 181
What are the prime factors of 9974?
2, 4987
List the prime factors of 784.
2, 7
List the prime factors of 2291.
29, 79
What are the prime factors of 7205?
5, 11, 131
What are the prime factors of 5649?
3, 7, 269
What are the prime factors of 8314?
2, 4157
List the prime factors of 229.
229
List the prime factors of 4082.
2, 13, 157
What are the prime factors of 23489?
83, 283
List the prime factors of 56179.
56179
List the prime factors of 3382.
2, 19, 89
What are the prime factors of 958?
2, 479
List the prime factors of 628.
2, 157
List the prime factors of 7394.
2, 3697
List the prime factors of 2540.
2, 5, 127
List the prime factors of 32947.
47, 701
List the prime factors of 1823.
1823
List the prime factors of 12509.
7, 1787
What are the prime factors of 4124?
2, 1031
List the prime factors of 35223.
3, 59, 199
List the prime factors of 28571.
28571
What are the prime factors of 4361?
7, 89
What are the prime factors of 27514?
2, 13757
What are the prime factors of 25912?
2, 41, 79
What are the prime factors of 12741?
3, 31, 137
What are the prime factors of 1111?
11, 101
What are the prime factors of 44408?
2, 7, 13, 61
What are the prime factors of 76044?
2, 3, 6337
What are the prime factors of 765?
3, 5, 17
List the prime factors of 32815.
5, 6563
What are the prime factors of 122168?
2, 15271
List the prime factors of 8864.
2, 277
What are the prime factors of 2516?
2, 17, 37
What are the prime factors of 1922?
2, 31
List the prime factors of 259.
7, 37
List the prime factors of 29017.
29017
What are the prime factors of 525?
3, 5, 7
What are the prime factors of 128947?
7, 13, 109
List the prime factors of 4975.
5, 199
What are the prime factors of 700?
2, 5, 7
List the prime factors of 4121.
13, 317
List the prime factors of 16216.
2, 2027
List the prime factors of 759.
3, 11, 23
What are the prime factors of 2031?
3, 677
List the prime factors of 7176.
2, 3, 13, 23
What are the prime factors of 16964?
2, 4241
List the prime factors of 107520.
2, 3, 5, 7
List the prime factors of 250.
2, 5
List the prime factors of 5537.
7, 113
List the prime factors of 490.
2, 5, 7
What are the prime factors of 78871?
13, 6067
List the prime factors of 26902.
2, 13